highest common factor of 38125800 and 75?
75
Calculate the highest common divisor of 86449795 and 4365.
485
Calculate the highest common divisor of 42786 and 2043.
9
What is the greatest common factor of 37834016 and 17138?
418
Calculate the greatest common factor of 4 and 24937282.
2
Calculate the greatest common divisor of 270016440 and 1785.
255
Calculate the greatest common factor of 202456273 and 218.
109
What is the highest common divisor of 57 and 66290487?
57
What is the greatest common factor of 993 and 161100348?
993
What is the highest common divisor of 1025 and 15902465?
205
Calculate the highest common factor of 1141686610 and 10.
10
What is the greatest common factor of 3160 and 240125240?
3160
What is the greatest common factor of 1680 and 1973160?
840
What is the greatest common factor of 915313 and 2325953?
1603
What is the highest common factor of 1720 and 6905456?
344
What is the greatest common divisor of 46359608 and 8?
8
Calculate the highest common divisor of 20944 and 31444798.
2618
What is the highest common divisor of 9199428 and 72?
12
What is the highest common divisor of 345 and 25345149?
69
Calculate the greatest common factor of 968 and 421744.
8
Calculate the highest common factor of 525 and 5627075.
25
What is the greatest common divisor of 522885 and 2013?
33
What is the highest common factor of 120 and 10275200?
40
Calculate the greatest common divisor of 5977631 and 13409.
253
Calculate the greatest common factor of 1807417 and 417.
139
What is the greatest common divisor of 2916 and 4203252?
324
What is the greatest common factor of 8550 and 11898?
18
What is the highest common factor of 148 and 267927508?
148
What is the highest common divisor of 55 and 31640895?
55
Calculate the greatest common factor of 15022159 and 219.
73
Calculate the greatest common divisor of 6156 and 2420676.
684
What is the highest common factor of 2605670 and 32545?
115
What is the highest common factor of 414378 and 666?
18
Calculate the greatest common factor of 237912 and 3128.
184
Calculate the highest common divisor of 336 and 3245928.
168
Calculate the greatest common factor of 1148 and 570178.
14
Calculate the greatest common divisor of 488 and 549827892.
244
Calculate the greatest common factor of 12166 and 100350698.
1106
Calculate the greatest common divisor of 7319 and 2257567.
13
Calculate the greatest common factor of 23072 and 488838.
1442
Calculate the greatest common divisor of 14760153 and 9.
9
What is the highest common divisor of 6288 and 276512?
16
Calculate the greatest common divisor of 621 and 10629657.
621
Calculate the highest common divisor of 203 and 26901560.
203
What is the highest common factor of 2081888 and 37152?
1376
Calculate the greatest common divisor of 577512 and 2313750.
3702
What is the greatest common divisor of 61494076 and 14028?
4676
Calculate the greatest common factor of 14841 and 1750365.
873
What is the greatest common factor of 59 and 35382241?
59
Calculate the highest common divisor of 870 and 17411890.
290
Calculate the greatest common divisor of 89619886 and 136.
34
What is the highest common factor of 363220 and 81994?
22
What is the highest common factor of 445796 and 218426?
26
Calculate the greatest common divisor of 1854477 and 2479.
37
Calculate the highest common factor of 434 and 1843384.
62
Calculate the highest common divisor of 13 and 2956967.
13
Calculate the highest common factor of 299963 and 2623727.
3797
What is the highest common divisor of 1602961 and 2?
1
What is the greatest common divisor of 4382 and 4673716?
626
Calculate the highest common divisor of 23136 and 11664.
48
Calculate the greatest common divisor of 460 and 3119620.
20
What is the greatest common divisor of 25 and 71968760?
5
What is the highest common divisor of 9863 and 214168?
1409
Calculate the highest common factor of 3131243 and 2827896.
2507
Calculate the highest common factor of 1034012 and 84.
28
Calculate the greatest common divisor of 1633498 and 20726.
482
Calculate the highest common divisor of 66133471 and 597.
199
What is the highest common divisor of 1045528523 and 494?
247
Calculate the greatest common divisor of 2520 and 9323640.
360
Calculate the greatest common factor of 229012523 and 16355.
3271
Calculate the greatest common factor of 49535 and 3590.
5
What is the greatest common divisor of 383015127 and 627?
33
What is the greatest common divisor of 40 and 33604510?
10
Calculate the highest common factor of 27212962 and 478210.
5626
Calculate the greatest common divisor of 495 and 12014585.
55
Calculate the highest common factor of 430131301 and 4034.
2017
What is the highest common divisor of 77755843 and 88?
11
Calculate the highest common factor of 79 and 330713039.
79
What is the greatest common divisor of 2290681 and 377?
29
What is the highest common factor of 10 and 511491510?
10
Calculate the greatest common factor of 24565328 and 57.
19
Calculate the highest common factor of 6265190 and 200.
10
Calculate the highest common factor of 390 and 12568595.
65
What is the greatest common divisor of 97832889 and 198?
99
What is the greatest common factor of 27 and 9644247?
9
What is the highest common divisor of 185560273 and 13071?
4357
What is the highest common divisor of 628 and 30870596?
628
Calculate the greatest common factor of 3032729 and 50799.
287
Calculate the highest common divisor of 78171 and 527379.
1101
What is the greatest common divisor of 32507313 and 7299?
2433
Calculate the greatest common factor of 2664288 and 77.
11
What is the highest common divisor of 181374 and 14478100?
3182
What is the greatest common factor of 1969425 and 4302?
9
Calculate the greatest common divisor of 1022826 and 108.
6
What is the highest common divisor of 3234369 and 1632?
51
Calculate the highest common factor of 5593847 and 63.
7
Calculate the greatest common divisor of 1284769 and 95.
1
Calculate the greatest common divisor of 84744 and 17446.
22
What is the highest common factor of 92769922 and 154?
14
Calculate the greatest common factor of 3 and 21676290.
3
Calculate the highest common factor of 450483 and 70227.
51
Calculate the highest common divisor of 4902840 and 34920.
360
Calculate the highest common divisor of 696 and 112489869.
87
Calculate the highest common factor of 8952339 and 297.
33
Calculate the greatest common divisor of 679876604 and 132.
44
Calculate the greatest common factor of 81542659 and 1955.
391
What is the highest common divisor of 415 and 9437681?
83
Calculate the highest common factor of 19390 and 885590.
10
What is the highest common divisor of 26909538 and 3774?
102
What is the highest common divisor of 59880868 and 1564?
1564
Calculate the highest common factor of 29843440 and 440.
440
What is the greatest common divisor of 126016015 and 15?
5
Calculate the greatest common divisor of 58466 and 12593068.
2542
Calculate the greatest common factor of 1183 and 447643.
7
Calculate the greatest common divisor of 6925 and 1579325.
25
Calculate the greatest common divisor of 1777542828 and 12.
12
Calculate the greatest common factor of 1142830 and 650.
130
What is the highest common factor of 345627 and 99?
9
Calculate the greatest common factor of 21 and 1084587.
21
Calculate the greatest common divisor of 66816 and 424512.
576
What is the greatest common divisor of 38 and 86367122?
38
What is the greatest common factor of 1445648 and 496?
16
What is the highest common factor of 173653565 and 3956?
989
What is the greatest common factor of 193264 and 16748176?
4112
Calculate the highest common divisor of 54 and 5632812.
18
What is the greatest common factor of 676704 and 156032?
1696
What is the highest common divisor of 284000 and 392275?
1775
What is the highest common divisor of 193608 and 18432?
72
What is the greatest common divisor of 1019 and 24029039?
1019
What is the highest common factor of 120 and 3234120?
120
Calculate the greatest common factor of 11765464 and 8.
8
Calculate the highest common factor of 34293 and 44730.
1491
What is the greatest common factor of 24875151 and 3444?
861
Calculate the greatest common factor of 11546 and 5780279.
251
What is the highest common factor of 10 and 43229855?
5
Calculate the highest c